
What is the units digit of (-21266)/(-182) + 2/13?
7
What is the tens digit of -4 + 142 - 3 - 3?
3
Let w(s) = 6 - s + 3 - 3 - s. What is the units digit of w(-5)?
6
Let b(h) = 130*h**3 + 3*h - 2. What is the hundreds digit of b(1)?
1
What is the tens digit of ((-5)/(-2))/((-25)/(-600))?
6
Suppose -3*l - l + 64 = 0. Let j = 34 - l. Let c = j - 11. What is the units digit of c?
7
Suppose -2*w + w = -33. Suppose 0 = 3*x - 0*x - w. What is the tens digit of x?
1
Let r(x) = x**3 - x**2 + 17. What is the tens digit of r(0)?
1
Let y = 13 + -9. Suppose -y*n + 33 + 51 = 0. What is the tens digit of n?
2
What is the tens digit of (156/15)/(4/70)?
8
Suppose -12 = -5*j + j. Let z(l) = l. Let h be z(j). Suppose 2*p + 0*p - 15 = -h*q, -5*p + 9 = -2*q. What is the units digit of q?
3
What is the hundreds digit of ((-18)/(-12))/(1/(-2)) + 134?
1
What is the tens digit of 1 + (-2 + -10)*(-45)/10?
5
Suppose 661 = 6*g + 73. What is the units digit of g?
8
Let a(o) = o**3 - 10*o**2 + 10*o - 4. Let n be a(9). Suppose 0 = -c - n*z + 15, 4*z = 2*c - z. What is the units digit of c?
5
Suppose -u = -6*u + 15. Suppose u*q = q + 6. What is the units digit of q?
3
Let u = 3 + -1. Suppose 57 = m + u*m. What is the units digit of m?
9
Let l = 2 + 0. Suppose 3*g + l*g + 5*w + 5 = 0, 3*w = 3*g - 3. Suppose g*f = -5*f + 5. What is the units digit of f?
1
Let i = -18 + 11. Let j(p) = p**2 + 5*p + 1. What is the tens digit of j(i)?
1
Let p(x) = -x**3 - 6*x**2 + 2*x + 2. Let h = -24 + 17. What is the units digit of p(h)?
7
What is the units digit of (-1)/((-1)/55 + 0)?
5
Let f(a) = 11*a - 48. What is the hundreds digit of f(15)?
1
Let u(q) = -28*q - 2. What is the units digit of u(-1)?
6
Let r(i) = -i**2 - i. Let o be r(0). Suppose o*v = 5*v - 5. What is the units digit of v?
1
Suppose 0 = 2*v + 4*s + 10, -7*v + 3*v + 2*s = 0. Let a = 3 + v. Suppose -d + a = -5. What is the units digit of d?
7
Let g(o) = o + 2. Let i be (-1 - -1 - 2) + 6. Let h be 16/i - (1 - 1). What is the units digit of g(h)?
6
Suppose 1422 = 7*t - 4*t. What is the tens digit of t/18 + 3/(-9)?
2
Let y be (-5)/((6/57)/2). What is the tens digit of y/(-10) + (-2)/(-4)?
1
Let b = -33 - -18. Let x = b - -23. What is the units digit of x?
8
Let p(s) = -4*s - 2. What is the units digit of p(-9)?
4
Suppose 2*p + 12 - 41 = -m, -17 = -m + 2*p. What is the units digit of m?
3
Suppose 240 = 4*o - o. What is the units digit of o?
0
Suppose -2 = -0*o - 2*o. Let k(s) = 17*s - 1. What is the tens digit of k(o)?
1
Let l(j) = -j**3 - 4*j**2 - 4. Let k be l(-4). Let z(u) = -u**2 - 3*u - 1. Let t be z(k). Let o(i) = -i**2 - 6*i - 3. What is the units digit of o(t)?
2
Suppose s = -2*x + 3*x + 1, 4*x = 5*s - 8. Suppose 3*i - 3 = x*n, 4*n - 5*n + 7 = i. What is the units digit of i?
4
Let m(w) = -5*w**2 - 2*w - 4. Let n(b) = 11*b**2 + 4*b + 7. Let c(g) = 5*m(g) + 3*n(g). Let i be 7/(-5) + (-4)/(-10). What is the units digit of c(i)?
7
Let c(n) = 4*n**2 + n + 5. Let r be c(-4). Let w be (10/25)/(1/r). Suppose 5*i = 4*s - 9 + 45, -2*s = 3*i - w. What is the units digit of i?
8
Let u = 41 + -10. What is the tens digit of u?
3
Let q = -122 + 196. What is the tens digit of q?
7
What is the units digit of 3 - -17*(0 + 4)?
1
Let t = -63 - -117. Suppose 0 = 2*i + 3*x - t, 0*x = -4*i - 3*x + 120. Suppose -3*z + i = -0*z. What is the tens digit of z?
1
Suppose 0*p - 5*p + b - 105 = 0, 42 = -2*p - 3*b. Let i = -5 - p. What is the units digit of i?
6
Let v = -2 - -5. Suppose v = t, 3*t = -0*r + 3*r + 39. Let i = r - -26. What is the units digit of i?
6
Suppose 0 = 3*z - 3*n - 243, -5*n - 69 = -6*z + 5*z. What is the units digit of z?
4
Let d = -5 - -97. What is the tens digit of d?
9
Let l = -6 + 34. What is the tens digit of l?
2
Suppose 3*y = -11 - 7. Let m be (2 - 5)/(y/16). What is the units digit of (m/(-5))/((-3)/15)?
8
Let o = -99 - -139. Suppose i = -4*i + o. What is the units digit of i?
8
Suppose 0 = -5*p + 433 + 62. What is the tens digit of p?
9
Let p(g) = g**2 + 7*g + 4. Let x be p(-5). Let y(d) = d**2 + 5*d - 3. Let l be y(x). Suppose s + l*s = 56. What is the tens digit of s?
1
Let h = -356 - -537. What is the hundreds digit of h?
1
Suppose 4*o - 1 - 7 = 0. What is the units digit of -36*(-3)/6*o?
6
Let r = 5 + -3. Suppose -r*c + c = -4. Suppose -c*q + 30 = -q. What is the units digit of q?
0
Suppose -4*j + 16 - 44 = 0. Let q = j - -8. What is the units digit of q?
1
Let q be (-3)/12 + (-171)/(-12). Let y = 24 - q. What is the units digit of 12/20 + 64/y?
7
Suppose -4*y + 80 = 4*m, y + 0*m - 4*m - 5 = 0. What is the tens digit of y?
1
What is the tens digit of (2/4)/((-2)/(-92))?
2
Let f(g) be the third derivative of -g**4/24 - g**3/6 + 4*g**2. Let s be f(0). What is the units digit of 13 + (-2 - -2)/s?
3
Suppose 3*o - 9 = 2*o. Let f = o + -6. Suppose -p = -h - 13, 2*p - f*h - 38 = 2*h. What is the units digit of p?
9
Suppose 3*r = 3*k + 90, 100 = -0*r + 3*r - k. What is the tens digit of r?
3
Let j(c) = -c**3 - 3*c**2 - 3*c - 8. What is the tens digit of j(-5)?
5
Suppose -20 - 36 = -2*l. Suppose 112 = 4*z + l. What is the units digit of z?
1
Suppose s - 6*s = 25. Let h = 13 + s. What is the units digit of h?
8
Suppose -2*z = -6*z + 12. Suppose z = 5*n - 17. Suppose 0 = -3*a, -3*p - p - n*a = -20. What is the units digit of p?
5
Let p = 15 - -6. What is the tens digit of p?
2
Let u(c) = c - 2. Let l(i) = 5*i**2 - 14*i - 2. Let g(n) = -4*n**2 + 13*n + 2. Let k(j) = -6*g(j) - 5*l(j). Let y be k(-6). What is the units digit of u(y)?
8
Let k = 4 + -6. Let s be k*(-14)/16*8. Suppose 0 = 3*i - 4*i - 5*z, -2*i + s = 3*z. What is the units digit of i?
0
What is the tens digit of (-4)/((-16)/108) - -2?
2
Let k(w) = -2*w + 10. Let x(y) = -y**2 - 2*y + 1. Let p be x(-4). What is the tens digit of k(p)?
2
What is the hundreds digit of (3 + -215 + 3)/(-5 - -4)?
2
Let m(c) = -4*c - 3. Let f be m(-2). Suppose -32 = -2*r + 2*k, -f*r - 28 = -3*k - 112. What is the units digit of r?
8
Suppose -5*h = -918 + 293. What is the tens digit of h?
2
Suppose -5*h + 34 = 14. Suppose 4 = h*n - 0. What is the units digit of n?
1
Let d(c) = -c**2 - 5*c + 3. What is the units digit of d(-5)?
3
Suppose 25 - 100 = -5*b. Suppose 7*s - 99 = 2*s + i, s = -i + b. What is the units digit of s?
9
Let h = 107 - 59. What is the units digit of h?
8
Let z be (2 + -2)*(-1)/(-2). Let l be (13 - 3) + -1 + z. Suppose -3*c + 12 = -l. What is the units digit of c?
7
Suppose -3*w - 15 = 0, 6*x - 2*x + w = 111. What is the tens digit of x?
2
What is the hundreds digit of -3 - 160/(-56) - (-2018)/14?
1
Let p be 134/26 - (-6)/(-39). Suppose p*c = -5*u - 9 + 114, -4*c = -3*u - 119. What is the units digit of c?
6
Suppose -q = 3*q - 276. What is the units digit of q?
9
Let l(h) = -h**2 - 10*h + 15. Let n be l(-11). Suppose n*z - 3*z = 0. Suppose -5*x + 4*a + 0*a = -40, -3*a = z. What is the units digit of x?
8
Let l(q) = -q - 2. Let w be l(8). Let a be 46/2 + (0 - 1). Let h = w + a. What is the tens digit of h?
1
Suppose -4*y + 195 = -37. What is the units digit of y?
8
Suppose -b + 3*w + 15 = 0, -12 = 5*b + 2*w - 2. Let j(x) = 6 - x**2 - x**3 + 0*x + 0*x. What is the units digit of j(b)?
6
Suppose -v - 28 = 3*v. Let m(s) = s**3 + 7*s**2 - s + 14. What is the units digit of m(v)?
1
Let h(r) = r**3 + r + 1. Let a(y) = -y**3 + 3*y**2 + 3*y + 4. Let z be 72/20 + (-4)/(-10). Let j be a(z). What is the units digit of h(j)?
1
Let h = -108 - -207. What is the units digit of h?
9
Let b = -1 + 1. Suppose b*h + 7 = h. What is the units digit of h?
7
Let w(z) = -3*z - 3. Let s = -8 + 13. Suppose r - 5*x = -x, s*x + 17 = -3*r. What is the units digit of w(r)?
9
Let m(c) = 3 - c + 1 + 0*c. Let y be m(2). Suppose 4*s = 3*s + y. What is the units digit of s?
2
Suppose -z = -6 - 62. What is the units digit of z?
8
Suppose -b - 6 = -8. What is the units digit of b?
2
Suppose 0 = -3*m + 4 + 2. Let z be (16/(-12))/(m/(-24)). What is the units digit of (-4)/z + (-66)/(-8)?
8
Let t = -80 - -309. What is the units digit of t?
9
Suppose 3 = -u + 7, -5*u - 55 = -5*p. Let m = p + -4. What is the tens digit of m?
1
Let f = 1 + 5. Let h = f + 4. What is the units digit of h?
0
Suppose 4*g - 5*g = -88. Suppose 0*d + 4*p = -5*d + 137, -4*d + g = -4*p. What is the tens digit of d?
2
Let n = 741 + -492. Wha